{"id":765,"date":"2020-11-03T00:08:07","date_gmt":"2020-11-02T23:08:07","guid":{"rendered":"https:\/\/www.blue-in.it\/?page_id=765"},"modified":"2023-11-20T14:14:36","modified_gmt":"2023-11-20T13:14:36","slug":"cablaggio-strutturato","status":"publish","type":"page","link":"https:\/\/www.blue-in.it\/index.php\/servizi-broadcast\/cablaggio-strutturato\/","title":{"rendered":"Cablaggio strutturato"},"content":{"rendered":"<p>[et_pb_section fb_built=&#8221;1&#8243; _builder_version=&#8221;4.6.6&#8243; _module_preset=&#8221;default&#8221;][et_pb_row _builder_version=&#8221;4.6.6&#8243; _module_preset=&#8221;default&#8221;][et_pb_column type=&#8221;4_4&#8243; _builder_version=&#8221;4.6.6&#8243; _module_preset=&#8221;default&#8221;][et_pb_text _builder_version=&#8221;4.6.6&#8243; _module_preset=&#8221;default&#8221; header_font=&#8221;|700|||||||&#8221; header_line_height=&#8221;1.5em&#8221; header_font_size_tablet=&#8221;38px&#8221; header_font_size_phone=&#8221;32px&#8221; header_font_size_last_edited=&#8221;on|phone&#8221;]<\/p>\n<h1 style=\"text-align: center;\"><strong>Cablaggio strutturato a Milano e Provincia<\/strong><\/h1>\n<p>[\/et_pb_text][\/et_pb_column][\/et_pb_row][et_pb_row column_structure=&#8221;1_2,1_2&#8243; _builder_version=&#8221;4.6.6&#8243; _module_preset=&#8221;default&#8221; custom_css_main_element=&#8221;display: flex;||align-items: flex-start;||flex-wrap: wrap;&#8221;][et_pb_column type=&#8221;1_2&#8243; _builder_version=&#8221;4.6.6&#8243; _module_preset=&#8221;default&#8221;][et_pb_text _builder_version=&#8221;4.6.6&#8243; _module_preset=&#8221;default&#8221; header_2_font_size=&#8221;30px&#8221; header_2_line_height=&#8221;1.3em&#8221; header_2_font_size_tablet=&#8221;28px&#8221; header_2_font_size_phone=&#8221;24px&#8221; header_2_font_size_last_edited=&#8221;on|phone&#8221;]<\/p>\n<h2>Blue-in \u00e8 il partner ideale per la progettazione e la realizzazione di sistemi di cablaggio strutturato per la trasmissione di dati, di fonia e segnali video<\/h2>\n<p>[\/et_pb_text][et_pb_text _builder_version=&#8221;4.6.6&#8243; _module_preset=&#8221;default&#8221; text_font_size=&#8221;17px&#8221;]<\/p>\n<p><span style=\"font-weight: 400;\">Blue-In da oltre 20 anni realizza sistemi di <strong>cablaggio strutturato<\/strong> in sale dati CED, regie audio\/video, studi e strutture in ambito retail.<\/span><\/p>\n<p><span style=\"font-weight: 400;\">La maggiore richiesta \u00e8 di <strong>progettare e realizzare sistemi di cablaggio strutturato<\/strong> <strong>per trasportare grande quantit\u00e0 di dati in tempi brevi<\/strong>. Il cablaggio permette la trasmissione di fonia, di dati e segnali video, stando al passo con lo sviluppo dei mezzi di comunicazione. Inoltre consente di collegare computer e telefonia dello stesso edificio.\u00a0<\/span><\/p>\n<p><span style=\"font-weight: 400;\">Cos\u00ec il cablaggio strutturato raggiunge tutti i locali all\u2019interno dell\u2019edificio mediante cavi che collegano gli armadi di piano, all\u2019interno del quale si trova la rete Ethernet.<\/span><\/p>\n<p><span style=\"font-weight: 400;\">Il <strong>cablaggio strutturato delle reti<\/strong> \u00e8 parte fondamentale di un sistema integrato, ed \u00e8 un marker assoluto di qualit\u00e0 realizzativa.<\/span><\/p>\n<p><span style=\"font-weight: 400;\">Siamo altamente specializzati nella posa in opera, dalla fase di progettazione a quella di start-up, di <strong>cablaggi in rame o fibra ottica<\/strong> <strong>a Milano<\/strong>, relativi a reti dati LAN e complementari set-up tecnici, dalla configurazione di policy di routing &amp; switching, alle VLAN, ogni fase viene gestita con la massima professionalit\u00e0 e cura del particolare, sino alla qualificazione e certificazione dell\u2019impianto in CAT. X.<\/span><\/p>\n<p><span style=\"font-weight: 400;\">Difatti al termine dei lavori Blue-in rilascia una certificazione di Dichiarazione di Conformit\u00e0 impianti (<a href=\"https:\/\/www.gazzettaufficiale.it\/eli\/id\/2008\/03\/12\/008G0060\/sg\" target=\"_blank\" rel=\"noopener noreferrer\">D.M. n. 37\/08<\/a>), il quale attesta l\u2019adeguatezza dell\u2019intero sistema secondo le norme tecniche. Questa certificazione viene rilasciata dopo l\u2019esecuzione di un test di prova sull\u2019impianto installato che ha dato esito positivo.<\/span><\/p>\n<p><span style=\"font-weight: 400;\">Realizziamo oltremodo impianti telefonici standard, analogici, digitali e VoIP, integrati sinergicamente con l\u2019infrastruttura a disposizione, sia per soluzioni di upgrade che ex-novo.<\/span><\/p>\n<p><span style=\"font-weight: 400;\">L\u2019esperienza acquisita nel corso degli anni permette di avere una visione tecnico-strategica di ampio spettro, al fine di non tralasciare alcun dettaglio: dal singolo connettore all\u2019intera <\/span><strong>progettazione dei data center<\/strong><span style=\"font-weight: 400;\">\u00a0in fibra. La fibra ottica consente una velocit\u00e0 elevata di trasmissione e su lunghe distanze.<\/span><\/p>\n<p><span style=\"font-weight: 400;\">Il <strong>cablaggio strutturato<\/strong> \u00e8 quindi fondamentale per creare una rete informatica che consente di usufruire dei nuovi mezzi di comunicazione sempre pi\u00f9 avanzati.<\/span><\/p>\n<p>[\/et_pb_text][\/et_pb_column][et_pb_column type=&#8221;1_2&#8243; _builder_version=&#8221;4.6.6&#8243; _module_preset=&#8221;default&#8221;][et_pb_image src=&#8221;https:\/\/www.blue-in.it\/wp-content\/uploads\/2020\/11\/cablaggio.jpg&#8221; title_text=&#8221;cablaggio strutturato a Milano | Blue-in&#8221; disabled_on=&#8221;on|on|off&#8221; _builder_version=&#8221;4.6.6&#8243; _module_preset=&#8221;default&#8221; animation_style=&#8221;slide&#8221; animation_direction=&#8221;right&#8221; border_radii=&#8221;on|16px|16px|16px|16px&#8221; box_shadow_style=&#8221;preset3&#8243;][\/et_pb_image][et_pb_image src=&#8221;https:\/\/www.blue-in.it\/wp-content\/uploads\/2020\/11\/cablaggio-respoonsive.jpg&#8221; title_text=&#8221;sistema di cablaggio strutturato&#8221; disabled_on=&#8221;off|off|on&#8221; _builder_version=&#8221;4.6.6&#8243; _module_preset=&#8221;default&#8221; animation_style=&#8221;slide&#8221; animation_direction=&#8221;right&#8221; border_radii=&#8221;on|16px|16px|16px|16px&#8221; box_shadow_style=&#8221;preset3&#8243;][\/et_pb_image][\/et_pb_column][\/et_pb_row][et_pb_row _builder_version=&#8221;4.6.6&#8243; _module_preset=&#8221;default&#8221;][et_pb_column type=&#8221;4_4&#8243; _builder_version=&#8221;4.6.6&#8243; _module_preset=&#8221;default&#8221;][et_pb_text _builder_version=&#8221;4.6.6&#8243; _module_preset=&#8221;default&#8221; header_2_font_size=&#8221;30px&#8221; header_2_font_size_tablet=&#8221;28px&#8221; header_2_font_size_phone=&#8221;24px&#8221; header_2_font_size_last_edited=&#8221;on|phone&#8221;]<\/p>\n<h2 style=\"text-align: center;\"><span style=\"font-weight: 400;\">Guarda la nostra gallery<\/span><\/h2>\n<p>[\/et_pb_text][et_pb_gallery gallery_ids=&#8221;1365,1364,1363,1818,1362,1361,1360,1359&#8243; show_title_and_caption=&#8221;off&#8221; _builder_version=&#8221;4.6.6&#8243; _module_preset=&#8221;default&#8221; module_alignment=&#8221;center&#8221; hover_enabled=&#8221;0&#8243; sticky_enabled=&#8221;0&#8243;][\/et_pb_gallery][\/et_pb_column][\/et_pb_row][\/et_pb_section][et_pb_section fb_built=&#8221;1&#8243; fullwidth=&#8221;on&#8221; _builder_version=&#8221;4.6.6&#8243; _module_preset=&#8221;default&#8221; animation_style=&#8221;slide&#8221; animation_direction=&#8221;bottom&#8221;][et_pb_fullwidth_header title=&#8221;Vuoi saperne di pi\u00f9 sulla progettazione e installazione  di cablaggio strutturato?&#8221; button_one_text=&#8221;Portami al modulo di contatto&#8221; button_one_url=&#8221;https:\/\/www.blue-in.it\/index.php\/contatti\/&#8221; _builder_version=&#8221;4.6.6&#8243; _module_preset=&#8221;default&#8221; title_level=&#8221;h2&#8243; title_text_align=&#8221;left&#8221; title_text_color=&#8221;#1fb4c0&#8243; title_font_size=&#8221;39px&#8221; title_line_height=&#8221;1.4em&#8221; content_text_align=&#8221;left&#8221; content_font_size=&#8221;23px&#8221; content_line_height=&#8221;1.4em&#8221; background_enable_color=&#8221;off&#8221; use_background_color_gradient=&#8221;on&#8221; background_color_gradient_start=&#8221;#000000&#8243; background_color_gradient_end=&#8221;rgba(0,0,0,0.27)&#8221; background_color_gradient_direction=&#8221;57deg&#8221; background_color_gradient_overlays_image=&#8221;on&#8221; background_image=&#8221;https:\/\/www.blue-in.it\/wp-content\/uploads\/2020\/11\/cablaggio-cta.jpg&#8221; background_position=&#8221;center_right&#8221; custom_button_one=&#8221;on&#8221; button_one_text_size=&#8221;16px&#8221; button_one_custom_margin=&#8221;||||true|true&#8221; custom_margin=&#8221;||||false|false&#8221; title_text_color_tablet=&#8221;&#8221; title_text_color_phone=&#8221;&#8221; title_text_color_last_edited=&#8221;on|desktop&#8221; title_font_size_tablet=&#8221;23px&#8221; title_font_size_phone=&#8221;23px&#8221; title_font_size_last_edited=&#8221;on|phone&#8221; content_font_size_tablet=&#8221;18px&#8221; content_font_size_phone=&#8221;18px&#8221; content_font_size_last_edited=&#8221;on|desktop&#8221; button_one_text_size_tablet=&#8221;&#8221; button_one_text_size_phone=&#8221;&#8221; button_one_text_size_last_edited=&#8221;on|phone&#8221;]<\/p>\n<p>&nbsp;<\/p>\n<p>Scrivici attraverso la nostra form, uno dei nostri rappresentanti ti contatter\u00e0 al pi\u00f9 presto.<\/p>\n<p>&nbsp;<\/p>\n<p>[\/et_pb_fullwidth_header][\/et_pb_section][et_pb_section fb_built=&#8221;1&#8243; _builder_version=&#8221;4.6.6&#8243; _module_preset=&#8221;default&#8221; use_background_color_gradient=&#8221;on&#8221; background_color_gradient_start=&#8221;#000000&#8243; background_color_gradient_end=&#8221;rgba(0,0,0,0.61)&#8221; background_color_gradient_direction=&#8221;9deg&#8221; background_color_gradient_overlays_image=&#8221;on&#8221; background_image=&#8221;https:\/\/www.blue-in.it\/wp-content\/uploads\/2023\/11\/001.png&#8221; custom_margin=&#8221;0px||||false|false&#8221; custom_padding=&#8221;15px||40px|||&#8221; global_module=&#8221;483&#8243; saved_tabs=&#8221;all&#8221;][et_pb_row column_structure=&#8221;1_3,1_3,1_3&#8243; _builder_version=&#8221;4.6.6&#8243; _module_preset=&#8221;default&#8221; background_enable_image=&#8221;off&#8221; background_size=&#8221;contain&#8221; background_position=&#8221;center_left&#8221; background_blend=&#8221;soft-light&#8221; custom_margin=&#8221;26px|auto||auto||&#8221; custom_padding=&#8221;5px|||||&#8221;][et_pb_column type=&#8221;1_3&#8243; _builder_version=&#8221;4.6.6&#8243; _module_preset=&#8221;default&#8221;][et_pb_image src=&#8221;https:\/\/www.blue-in.it\/wp-content\/uploads\/2020\/10\/Logo-siot.svg&#8221; title_text=&#8221;Logo-siot&#8221; url=&#8221;https:\/\/www.blue-in.it\/&#8221; align_tablet=&#8221;center&#8221; align_phone=&#8221;&#8221; align_last_edited=&#8221;on|desktop&#8221; _builder_version=&#8221;4.6.6&#8243; _module_preset=&#8221;default&#8221;][\/et_pb_image][et_pb_text _builder_version=&#8221;4.6.6&#8243; text_text_color=&#8221;#ffffff&#8221; text_line_height=&#8221;1em&#8221; text_orientation_tablet=&#8221;center&#8221; text_orientation_phone=&#8221;&#8221; text_orientation_last_edited=&#8221;on|tablet&#8221;]<\/p>\n<p><strong>Sede Legale<\/strong><\/p>\n<p><span style=\"font-weight: 400;\">Via Vincenzo Monti 47,\u00a0<\/span><span style=\"font-weight: 400;\">20123\u00a0<\/span><span style=\"font-weight: 400;\">Milano (Italia)<\/span><span style=\"font-weight: 400;\"><br \/><\/span><\/p>\n<p>&nbsp;<\/p>\n<p><span style=\"font-weight: 400;\"><strong>P. IVA<\/strong> 07384640962<\/span><\/p>\n<p style=\"text-align: center;\">[\/et_pb_text][\/et_pb_column][et_pb_column type=&#8221;1_3&#8243; _builder_version=&#8221;4.6.6&#8243; _module_preset=&#8221;default&#8221;][et_pb_text disabled_on=&#8221;on|on|off&#8221; _builder_version=&#8221;4.6.6&#8243; _module_preset=&#8221;default&#8221; text_text_color=&#8221;#ffffff&#8221; link_text_color=&#8221;#ffffff&#8221; custom_margin=&#8221;||7px|||&#8221; hover_transition_duration=&#8221;500ms&#8221; hover_transition_speed_curve=&#8221;ease-in-out&#8221; link_option_url=&#8221;https:\/\/www.blue-in.it\/index.php\/chi-siamo\/&#8221; text_font_size_tablet=&#8221;&#8221; text_font_size_phone=&#8221;&#8221; text_font_size_last_edited=&#8221;on|desktop&#8221; text_text_color__hover_enabled=&#8221;off|hover&#8221; text_text_color__hover=&#8221;#1fb4c0&#8243;]<\/p>\n<p><a href=\"https:\/\/www.blue-in.it\/\"><strong><span style=\"vertical-align: inherit;\"><span style=\"vertical-align: inherit;\">Casa<\/span><\/span><\/strong><\/a><\/p>\n<p><a href=\"https:\/\/www.blue-in.it\/index.php\/chi-siamo\/\"><strong><span style=\"vertical-align: inherit;\"><span style=\"vertical-align: inherit;\">Chi siamo<\/span><\/span><\/strong><\/a><\/p>\n<p><a href=\"https:\/\/www.blue-in.it\/index.php\/servizi-telecomunicazione\/\"><strong><span style=\"vertical-align: inherit;\"><span style=\"vertical-align: inherit;\">Servizi<\/span><\/span><\/strong><\/a><\/p>\n<p style=\"padding-left: 30px;\"><a href=\"https:\/\/www.blue-in.it\/index.php\/servizi-telecomunicazione\/tecnologia-ndi\/\"><strong><span style=\"vertical-align: inherit;\"><span style=\"vertical-align: inherit;\">Tecnologia NDI<\/span><\/span><\/strong><\/a><\/p>\n<p style=\"padding-left: 30px;\"><strong><a href=\"https:\/\/www.blue-in.it\/index.php\/servizi-telecomunicazione\/cablaggio-strutturato\/\">Cablaggio strutturato<\/a><\/strong><\/p>\n<p style=\"padding-left: 30px;\"><a href=\"https:\/\/www.blue-in.it\/index.php\/servizi-telecomunicazione\/impianti-audio-video\/\"><strong><span style=\"vertical-align: inherit;\"><span style=\"vertical-align: inherit;\">Audio e Video<\/span><\/span><\/strong><\/a><\/p>\n<p style=\"padding-left: 30px;\"><strong><span style=\"vertical-align: inherit;\"><span style=\"vertical-align: inherit;\"><a href=\"https:\/\/www.blue-in.it\/index.php\/sicurezza-e-domotica\/\"><b>Sicurezza e Domotica<\/b><\/a><\/span><\/span><\/strong><\/p>\n<p><a href=\"https:\/\/www.blue-in.it\/index.php\/clienti\/\"><strong><span style=\"vertical-align: inherit;\"><span style=\"vertical-align: inherit;\">Clienti<\/span><\/span><\/strong><\/a><\/p>\n<p><a href=\"https:\/\/www.blue-in.it\/index.php\/contatti\/\"><strong><span style=\"vertical-align: inherit;\"><span style=\"vertical-align: inherit;\">Contatti<\/span><\/span><\/strong><\/a><\/p>\n<p><a href=\"https:\/\/www.blue-in.it\/index.php\/sitemap\/\"><strong><span style=\"vertical-align: inherit;\"><span style=\"vertical-align: inherit;\">Sitemap<\/span><\/span><\/strong><\/a><\/p>\n<p>[\/et_pb_text][\/et_pb_column][et_pb_column type=&#8221;1_3&#8243; _builder_version=&#8221;4.6.6&#8243; _module_preset=&#8221;default&#8221;][et_pb_text _builder_version=&#8221;4.6.6&#8243; _module_preset=&#8221;default&#8221; text_text_color=&#8221;#ffffff&#8221; text_line_height=&#8221;2.2em&#8221; text_orientation_tablet=&#8221;center&#8221; text_orientation_phone=&#8221;&#8221; text_orientation_last_edited=&#8221;on|tablet&#8221;]<\/p>\n<p>Blue-in opera principalmente a:<strong><br \/> Milano<br \/>Lombardia<\/strong><\/p>\n<p>[\/et_pb_text][\/et_pb_column][\/et_pb_row][et_pb_row _builder_version=&#8221;4.6.6&#8243; _module_preset=&#8221;default&#8221; custom_padding=&#8221;0px||0px|||&#8221;][et_pb_column type=&#8221;4_4&#8243; _builder_version=&#8221;4.6.6&#8243; _module_preset=&#8221;default&#8221;][et_pb_text _builder_version=&#8221;4.6.6&#8243; _module_preset=&#8221;default&#8221; text_text_color=&#8221;#1fb4c0&#8243; custom_padding=&#8221;||1px|||&#8221;]<\/p>\n<p style=\"text-align: center;\"><span style=\"white-space: pre-wrap;\">\u00a9 2020 Blue-in | <span>\u00a0Web site creato da <a href=\"https:\/\/horizon-srl.it\/\">Horizon<\/a><\/span><\/span><\/p>\n<p>[\/et_pb_text][\/et_pb_column][\/et_pb_row][\/et_pb_section]<\/p>\n","protected":false},"excerpt":{"rendered":"<p>[et_pb_section fb_built=&#8221;1&#8243; _builder_version=&#8221;4.6.6&#8243; _module_preset=&#8221;default&#8221;][et_pb_row _builder_version=&#8221;4.6.6&#8243; _module_preset=&#8221;default&#8221;][et_pb_column type=&#8221;4_4&#8243; _builder_version=&#8221;4.6.6&#8243; _module_preset=&#8221;default&#8221;][et_pb_text _builder_version=&#8221;4.6.6&#8243; _module_preset=&#8221;default&#8221; header_font=&#8221;|700|||||||&#8221; header_line_height=&#8221;1.5em&#8221; header_font_size_tablet=&#8221;38px&#8221; header_font_size_phone=&#8221;32px&#8221; header_font_size_last_edited=&#8221;on|phone&#8221;] Cablaggio strutturato a Milano e Provincia [\/et_pb_text][\/et_pb_column][\/et_pb_row][et_pb_row column_structure=&#8221;1_2,1_2&#8243; _builder_version=&#8221;4.6.6&#8243; _module_preset=&#8221;default&#8221; custom_css_main_element=&#8221;display: flex;||align-items: flex-start;||flex-wrap: wrap;&#8221;][et_pb_column type=&#8221;1_2&#8243; _builder_version=&#8221;4.6.6&#8243; _module_preset=&#8221;default&#8221;][et_pb_text _builder_version=&#8221;4.6.6&#8243; _module_preset=&#8221;default&#8221; header_2_font_size=&#8221;30px&#8221; header_2_line_height=&#8221;1.3em&#8221; header_2_font_size_tablet=&#8221;28px&#8221; header_2_font_size_phone=&#8221;24px&#8221; header_2_font_size_last_edited=&#8221;on|phone&#8221;] Blue-in \u00e8 il partner ideale per la progettazione e la realizzazione di sistemi di cablaggio [&hellip;]<\/p>\n","protected":false},"author":1,"featured_media":0,"parent":23,"menu_order":0,"comment_status":"closed","ping_status":"closed","template":"","meta":{"_et_pb_use_builder":"on","_et_pb_old_content":"","_et_gb_content_width":""},"yoast_head":"<!-- This site is optimized with the Yoast SEO plugin v15.0 - https:\/\/yoast.com\/wordpress\/plugins\/seo\/ -->\r\n<title>Cablaggio strutturato a Milano e Provincia | Blue-in<\/title>\r\n<meta name=\"description\" content=\"Realizziamo sistemi di cablaggio strutturato a Milano in sale dati CED, regie audio\/video, studi e strutture in ambito retail.\" \/>\r\n<meta name=\"robots\" content=\"index, follow, max-snippet:-1, max-image-preview:large, max-video-preview:-1\" \/>\r\n<link rel=\"canonical\" href=\"https:\/\/www.blue-in.it\/index.php\/servizi-broadcast\/cablaggio-strutturato\/\" \/>\r\n<meta property=\"og:locale\" content=\"it_IT\" \/>\r\n<meta property=\"og:type\" content=\"article\" \/>\r\n<meta property=\"og:title\" content=\"Cablaggio strutturato a Milano e Provincia | Blue-in\" \/>\r\n<meta property=\"og:description\" content=\"Realizziamo sistemi di cablaggio strutturato a Milano in sale dati CED, regie audio\/video, studi e strutture in ambito retail.\" \/>\r\n<meta property=\"og:url\" content=\"https:\/\/www.blue-in.it\/index.php\/servizi-broadcast\/cablaggio-strutturato\/\" \/>\r\n<meta property=\"og:site_name\" content=\"Blue-in\" \/>\r\n<meta property=\"article:modified_time\" content=\"2023-11-20T13:14:36+00:00\" \/>\r\n<meta name=\"twitter:card\" content=\"summary_large_image\" \/>\r\n<script type=\"application\/ld+json\" class=\"yoast-schema-graph\">{\"@context\":\"https:\/\/schema.org\",\"@graph\":[{\"@type\":\"WebSite\",\"@id\":\"https:\/\/www.blue-in.it\/#website\",\"url\":\"https:\/\/www.blue-in.it\/\",\"name\":\"Blue-in\",\"description\":\"Azienda di telecomunicazione a Milano\",\"potentialAction\":[{\"@type\":\"SearchAction\",\"target\":\"https:\/\/www.blue-in.it\/?s={search_term_string}\",\"query-input\":\"required name=search_term_string\"}],\"inLanguage\":\"it-IT\"},{\"@type\":\"WebPage\",\"@id\":\"https:\/\/www.blue-in.it\/index.php\/servizi-broadcast\/cablaggio-strutturato\/#webpage\",\"url\":\"https:\/\/www.blue-in.it\/index.php\/servizi-broadcast\/cablaggio-strutturato\/\",\"name\":\"Cablaggio strutturato a Milano e Provincia | Blue-in\",\"isPartOf\":{\"@id\":\"https:\/\/www.blue-in.it\/#website\"},\"datePublished\":\"2020-11-02T23:08:07+00:00\",\"dateModified\":\"2023-11-20T13:14:36+00:00\",\"description\":\"Realizziamo sistemi di cablaggio strutturato a Milano in sale dati CED, regie audio\/video, studi e strutture in ambito retail.\",\"inLanguage\":\"it-IT\",\"potentialAction\":[{\"@type\":\"ReadAction\",\"target\":[\"https:\/\/www.blue-in.it\/index.php\/servizi-broadcast\/cablaggio-strutturato\/\"]}]}]}<\/script>\r\n<!-- \/ Yoast SEO plugin. -->","_links":{"self":[{"href":"https:\/\/www.blue-in.it\/index.php\/wp-json\/wp\/v2\/pages\/765"}],"collection":[{"href":"https:\/\/www.blue-in.it\/index.php\/wp-json\/wp\/v2\/pages"}],"about":[{"href":"https:\/\/www.blue-in.it\/index.php\/wp-json\/wp\/v2\/types\/page"}],"author":[{"embeddable":true,"href":"https:\/\/www.blue-in.it\/index.php\/wp-json\/wp\/v2\/users\/1"}],"replies":[{"embeddable":true,"href":"https:\/\/www.blue-in.it\/index.php\/wp-json\/wp\/v2\/comments?post=765"}],"version-history":[{"count":29,"href":"https:\/\/www.blue-in.it\/index.php\/wp-json\/wp\/v2\/pages\/765\/revisions"}],"predecessor-version":[{"id":1819,"href":"https:\/\/www.blue-in.it\/index.php\/wp-json\/wp\/v2\/pages\/765\/revisions\/1819"}],"up":[{"embeddable":true,"href":"https:\/\/www.blue-in.it\/index.php\/wp-json\/wp\/v2\/pages\/23"}],"wp:attachment":[{"href":"https:\/\/www.blue-in.it\/index.php\/wp-json\/wp\/v2\/media?parent=765"}],"curies":[{"name":"wp","href":"https:\/\/api.w.org\/{rel}","templated":true}]}}