{"id":763,"date":"2020-11-03T00:07:44","date_gmt":"2020-11-02T23:07:44","guid":{"rendered":"https:\/\/www.blue-in.it\/?page_id=763"},"modified":"2023-11-09T09:15:04","modified_gmt":"2023-11-09T08:15:04","slug":"tecnologia-ndi","status":"publish","type":"page","link":"https:\/\/www.blue-in.it\/index.php\/servizi-broadcast\/tecnologia-ndi\/","title":{"rendered":"Tecnologia NDI"},"content":{"rendered":"<p>[et_pb_section fb_built=&#8221;1&#8243; _builder_version=&#8221;4.6.6&#8243; _module_preset=&#8221;default&#8221;][et_pb_row _builder_version=&#8221;4.6.6&#8243; _module_preset=&#8221;default&#8221;][et_pb_column type=&#8221;4_4&#8243; _builder_version=&#8221;4.6.6&#8243; _module_preset=&#8221;default&#8221;][et_pb_text _builder_version=&#8221;4.6.6&#8243; _module_preset=&#8221;default&#8221; header_font=&#8221;|700|||||||&#8221; header_line_height=&#8221;1.5em&#8221; header_font_size_tablet=&#8221;38px&#8221; header_font_size_phone=&#8221;32px&#8221; header_font_size_last_edited=&#8221;on|phone&#8221;]<\/p>\n<h1 style=\"text-align: center;\"><strong>Tecnologia NDI a Milano e Provincia<\/strong><\/h1>\n<p>[\/et_pb_text][\/et_pb_column][\/et_pb_row][et_pb_row column_structure=&#8221;1_2,1_2&#8243; _builder_version=&#8221;4.6.6&#8243; _module_preset=&#8221;default&#8221; custom_css_main_element=&#8221;display: flex;||align-items: flex-start;||flex-wrap: wrap;&#8221;][et_pb_column type=&#8221;1_2&#8243; _builder_version=&#8221;4.6.6&#8243; _module_preset=&#8221;default&#8221;][et_pb_text _builder_version=&#8221;4.6.6&#8243; _module_preset=&#8221;default&#8221; header_2_font_size=&#8221;30px&#8221; header_2_font_size_tablet=&#8221;28px&#8221; header_2_font_size_phone=&#8221;24px&#8221; header_2_font_size_last_edited=&#8221;on|phone&#8221;]<\/p>\n<h2><span style=\"font-weight: 400;\">Blue-in utilizza il protocollo NDI sviluppato da NewTek per la distribuzione di segnali audio e video<\/span><\/h2>\n<p>[\/et_pb_text][et_pb_text _builder_version=&#8221;4.6.6&#8243; _module_preset=&#8221;default&#8221; text_font_size=&#8221;17px&#8221; header_2_font_size=&#8221;30px&#8221; header_3_font_size=&#8221;25px&#8221; header_2_font_size_tablet=&#8221;28px&#8221; header_2_font_size_phone=&#8221;24px&#8221; header_2_font_size_last_edited=&#8221;on|phone&#8221; header_3_font_size_tablet=&#8221;25px&#8221; header_3_font_size_phone=&#8221;20px&#8221; header_3_font_size_last_edited=&#8221;on|phone&#8221;]<\/p>\n<p><span style=\"font-weight: 400;\">NDI (Network Device Interface) \u00e8 un protocollo per AVC over IP, sviluppato da <a href=\"https:\/\/www.newtek.com\/ndi\/applications\/\" target=\"_blank\" rel=\"noopener noreferrer\">NewTek<\/a>, che consente la distribuzione di segnali audio, video, controllo e rete dati su un&#8217;infrastruttura TCP\/IP, su un unico cavo ethernet, garantendo al cliente la massima flessibilit\u00e0 di implementazione ed interoperabilit\u00e0.<\/span><\/p>\n<p><span style=\"font-weight: 400;\"><strong>L&#8217;NDI di NewTek \u00e8 una soluzione flessibile e versatile<\/strong>, che consente pi\u00f9 flussi video su una connessione condivisa, supporta video HD di alta qualit\u00e0, low latency e con frame accurato su reti Ethernet Gigabit standard. Il trasporto dei segnali AVC in modalit\u00e0 full-duplex permette inoltre di compiere un ulteriore step evolutivo nell\u2019ottica della transizione in atto, da SDI ad AVoIP.<\/span><\/p>\n<p><span style=\"font-weight: 400;\">La larghezza di banda necessaria per la trasmissione NDI varia a seconda della risoluzione e della frequenza. L&#8217;algoritmo di codifica NDI supporta risoluzioni fino a 8K. Con le sue prestazioni high-end su reti GigE standard, rende possibile la transizione delle strutture a una pipeline di produzione di video IP incredibilmente versatile senza negare gli investimenti esistenti nelle telecamere e infrastruttura SDI, o costose nuove infrastrutture di rete ad alta velocit\u00e0.<\/span><\/p>\n<h2>L&#8217;NDI per i flussi video<\/h2>\n<p><span style=\"font-weight: 400;\"><strong>L&#8217;NDI di NewTek comprime i flussi video<\/strong> in modo che questi ultimi siano distribuiti attraverso la rete in un rapporto 15:1 a un video non compresso dello stesso formato. Quanto segue \u00e8 una stima del carico di banda per flusso video NDI per i formati di consegna comuni:<\/span><\/p>\n<ul>\n<li><span style=\"font-weight: 400;\"> 1 x video streaming SD = 20 Mbps\u00a0<\/span><\/li>\n<li><span style=\"font-weight: 400;\"> 1 x stream video 1080p50 \/ 59,94 = 125 Mbps\u00a0<\/span><\/li>\n<li><span style=\"font-weight: 400;\"> 1 x stream 720p50 \/ 59,94 video = 90Mbps\u00a0<\/span><\/li>\n<li><span style=\"font-weight: 400;\"> 1 x stream video UHDp30 = 200 Mbps<\/span><\/li>\n<li><span style=\"font-weight: 400;\"> 1 x stream video 1080i50 \/ 59,94 = 100 Mbps\u00a0<\/span><\/li>\n<li><span style=\"font-weight: 400;\"> 1 x stream UHDp60 video = 250 Mbps\u00a0<\/span><\/li>\n<\/ul>\n<p><span style=\"font-weight: 400;\"><strong>L&#8217;NDI di NewTek supporta tutte le risoluzioni,<\/strong> i frame rate e i flussi video, con e senza canale alfa. Le implementazioni pi\u00f9 comuni dovrebbero utilizzare video UYVY e RGBA a 8 bit, tuttavia \u00e8 disponibile il supporto per 10 bit e 16 bit. La pipeline interna del codec viene mantenuta interamente a 16 bit o migliore.<\/span><\/p>\n<p><span style=\"font-weight: 400;\">Esso funziona su reti standard basate su IP, dove i requisiti per rendere la configurazione specializzata sono vicini allo zero. Questo perch\u00e9 i dispositivi abilitati per NDI si comportano come qualsiasi altro dispositivo connesso alla rete.<\/span><\/p>\n<p>[\/et_pb_text][\/et_pb_column][et_pb_column type=&#8221;1_2&#8243; _builder_version=&#8221;4.6.6&#8243; _module_preset=&#8221;default&#8221;][et_pb_image src=&#8221;https:\/\/www.blue-in.it\/wp-content\/uploads\/2020\/11\/ndi.jpg&#8221; title_text=&#8221;Tecnologia NDI Newtek&#8221; disabled_on=&#8221;off|off|off&#8221; _builder_version=&#8221;4.6.6&#8243; _module_preset=&#8221;default&#8221; animation_style=&#8221;slide&#8221; animation_direction=&#8221;right&#8221; border_radii=&#8221;on|16px|16px|16px|16px&#8221; box_shadow_style=&#8221;preset3&#8243;][\/et_pb_image][et_pb_image src=&#8221;https:\/\/www.blue-in.it\/wp-content\/uploads\/2020\/11\/misc-ndi-adobe-cc-full-page-graphic-v1.jpg&#8221; title_text=&#8221;Tecnologia NDI Newtek, struttura del collegamento LAN&#8221; disabled_on=&#8221;on|on|off&#8221; _builder_version=&#8221;4.6.6&#8243; _module_preset=&#8221;default&#8221; animation_style=&#8221;slide&#8221; animation_direction=&#8221;right&#8221; border_radii=&#8221;on|16px|16px|16px|16px&#8221; box_shadow_style=&#8221;preset3&#8243;][\/et_pb_image][et_pb_image src=&#8221;https:\/\/www.blue-in.it\/wp-content\/uploads\/2020\/11\/NDI-1.jpg&#8221; title_text=&#8221;Tecnologia NDI Newtek, struttura della LAN&#8221; disabled_on=&#8221;on|on|off&#8221; _builder_version=&#8221;4.6.6&#8243; _module_preset=&#8221;default&#8221; animation_style=&#8221;slide&#8221; animation_direction=&#8221;right&#8221; border_radii=&#8221;on|16px|16px|16px|16px&#8221; box_shadow_style=&#8221;preset3&#8243;][\/et_pb_image][et_pb_button _builder_version=&#8221;4.6.6&#8243; _module_preset=&#8221;default&#8221; button_text=&#8221;SCARICA QUI LA NOSTRA PRESENTAZIONE NDI&#8221; button_url=&#8221;https:\/\/www.blue-in.it\/wp-content\/uploads\/2023\/11\/Blue-in-NDI.pdf&#8221; hover_enabled=&#8221;0&#8243; sticky_enabled=&#8221;0&#8243;][\/et_pb_button][\/et_pb_column][\/et_pb_row][et_pb_row _builder_version=&#8221;4.6.6&#8243; _module_preset=&#8221;default&#8221;][et_pb_column type=&#8221;4_4&#8243; _builder_version=&#8221;4.6.6&#8243; _module_preset=&#8221;default&#8221;][et_pb_text _builder_version=&#8221;4.6.6&#8243; _module_preset=&#8221;default&#8221; header_2_font_size=&#8221;30px&#8221; header_2_font_size_tablet=&#8221;28px&#8221; header_2_font_size_phone=&#8221;24px&#8221; header_2_font_size_last_edited=&#8221;on|phone&#8221;]<\/p>\n<h2 style=\"text-align: center;\"><span style=\"font-weight: 400;\">Guarda la nostra gallery<\/span><\/h2>\n<p>[\/et_pb_text][et_pb_gallery gallery_ids=&#8221;1347,1348,1349,1350,1351&#8243; show_title_and_caption=&#8221;off&#8221; _builder_version=&#8221;4.6.6&#8243; _module_preset=&#8221;default&#8221; module_alignment=&#8221;center&#8221;][\/et_pb_gallery][\/et_pb_column][\/et_pb_row][\/et_pb_section][et_pb_section fb_built=&#8221;1&#8243; fullwidth=&#8221;on&#8221; _builder_version=&#8221;4.6.6&#8243; _module_preset=&#8221;default&#8221; animation_style=&#8221;slide&#8221; animation_direction=&#8221;bottom&#8221;][et_pb_fullwidth_header title=&#8221;Scegli l\u2019innovazione con la nuova tecnologia NDI sviluppata da NewTek&#8221; button_one_text=&#8221;Portami al modulo di contatto&#8221; button_one_url=&#8221;https:\/\/www.blue-in.it\/index.php\/contatti\/&#8221; _builder_version=&#8221;4.6.6&#8243; _module_preset=&#8221;default&#8221; title_level=&#8221;h2&#8243; title_text_align=&#8221;left&#8221; title_text_color=&#8221;#1fb4c0&#8243; title_font_size=&#8221;39px&#8221; title_line_height=&#8221;1.4em&#8221; content_text_align=&#8221;left&#8221; content_font_size=&#8221;23px&#8221; content_line_height=&#8221;1.4em&#8221; background_enable_color=&#8221;off&#8221; use_background_color_gradient=&#8221;on&#8221; background_color_gradient_start=&#8221;#000000&#8243; background_color_gradient_end=&#8221;rgba(0,0,0,0.27)&#8221; background_color_gradient_direction=&#8221;57deg&#8221; background_color_gradient_overlays_image=&#8221;on&#8221; background_image=&#8221;https:\/\/www.blue-in.it\/wp-content\/uploads\/2020\/10\/abstract-background-with-low-poly-design-scaled.jpg&#8221; custom_button_one=&#8221;on&#8221; button_one_text_size=&#8221;16px&#8221; button_one_custom_margin=&#8221;||||true|true&#8221; custom_margin=&#8221;||||false|false&#8221; title_text_color_tablet=&#8221;&#8221; title_text_color_phone=&#8221;&#8221; title_text_color_last_edited=&#8221;on|desktop&#8221; title_font_size_tablet=&#8221;23px&#8221; title_font_size_phone=&#8221;23px&#8221; title_font_size_last_edited=&#8221;on|phone&#8221; content_font_size_tablet=&#8221;18px&#8221; content_font_size_phone=&#8221;18px&#8221; content_font_size_last_edited=&#8221;on|desktop&#8221; button_one_text_size_tablet=&#8221;&#8221; button_one_text_size_phone=&#8221;&#8221; button_one_text_size_last_edited=&#8221;on|phone&#8221;]<\/p>\n<p>&nbsp;<\/p>\n<p>Scrivici attraverso la nostra form, uno dei nostri rappresentanti ti contatter\u00e0 al pi\u00f9 presto.<\/p>\n<p>&nbsp;<\/p>\n<p>[\/et_pb_fullwidth_header][\/et_pb_section][et_pb_section fb_built=&#8221;1&#8243; _builder_version=&#8221;4.6.6&#8243; _module_preset=&#8221;default&#8221; use_background_color_gradient=&#8221;on&#8221; background_color_gradient_start=&#8221;#000000&#8243; background_color_gradient_end=&#8221;rgba(0,0,0,0.61)&#8221; background_color_gradient_direction=&#8221;9deg&#8221; background_color_gradient_overlays_image=&#8221;on&#8221; background_image=&#8221;https:\/\/www.blue-in.it\/wp-content\/uploads\/2020\/11\/bgfooter.jpg&#8221; custom_margin=&#8221;0px||||false|false&#8221; custom_padding=&#8221;15px||40px|||&#8221; global_module=&#8221;483&#8243; saved_tabs=&#8221;all&#8221;][et_pb_row column_structure=&#8221;1_3,1_3,1_3&#8243; _builder_version=&#8221;4.6.6&#8243; _module_preset=&#8221;default&#8221; background_enable_image=&#8221;off&#8221; background_size=&#8221;contain&#8221; background_position=&#8221;center_left&#8221; background_blend=&#8221;soft-light&#8221; custom_margin=&#8221;26px|auto||auto||&#8221; custom_padding=&#8221;5px|||||&#8221;][et_pb_column type=&#8221;1_3&#8243; _builder_version=&#8221;4.6.6&#8243; _module_preset=&#8221;default&#8221;][et_pb_image src=&#8221;https:\/\/www.blue-in.it\/wp-content\/uploads\/2020\/10\/Logo-siot.svg&#8221; title_text=&#8221;Logo-siot&#8221; url=&#8221;https:\/\/www.blue-in.it\/&#8221; align_tablet=&#8221;center&#8221; align_phone=&#8221;&#8221; align_last_edited=&#8221;on|desktop&#8221; _builder_version=&#8221;4.6.6&#8243; _module_preset=&#8221;default&#8221;][\/et_pb_image][et_pb_text _builder_version=&#8221;4.6.6&#8243; text_text_color=&#8221;#ffffff&#8221; text_line_height=&#8221;1em&#8221; text_orientation_tablet=&#8221;center&#8221; text_orientation_phone=&#8221;&#8221; text_orientation_last_edited=&#8221;on|tablet&#8221;]<\/p>\n<p><strong>Sede Legale<\/strong><\/p>\n<p><span style=\"font-weight: 400;\">Via Vincenzo Monti 47,\u00a0<\/span><span style=\"font-weight: 400;\">20123\u00a0<\/span><span style=\"font-weight: 400;\">Milano (Italia)<\/span><span style=\"font-weight: 400;\"><br \/><\/span><\/p>\n<p>&nbsp;<\/p>\n<p><span style=\"font-weight: 400;\"><strong>P. IVA<\/strong> 07384640962<\/span><\/p>\n<p style=\"text-align: center;\">[\/et_pb_text][\/et_pb_column][et_pb_column type=&#8221;1_3&#8243; _builder_version=&#8221;4.6.6&#8243; _module_preset=&#8221;default&#8221;][et_pb_text disabled_on=&#8221;on|on|off&#8221; _builder_version=&#8221;4.6.6&#8243; _module_preset=&#8221;default&#8221; text_text_color=&#8221;#ffffff&#8221; link_text_color=&#8221;#ffffff&#8221; custom_margin=&#8221;||7px|||&#8221; hover_transition_duration=&#8221;500ms&#8221; hover_transition_speed_curve=&#8221;ease-in-out&#8221; link_option_url=&#8221;https:\/\/www.blue-in.it\/index.php\/chi-siamo\/&#8221; text_font_size_tablet=&#8221;&#8221; text_font_size_phone=&#8221;&#8221; text_font_size_last_edited=&#8221;on|desktop&#8221; text_text_color__hover_enabled=&#8221;off|hover&#8221; text_text_color__hover=&#8221;#1fb4c0&#8243;]<\/p>\n<p><a href=\"https:\/\/www.blue-in.it\/\"><strong><span style=\"vertical-align: inherit;\"><span style=\"vertical-align: inherit;\">Casa<\/span><\/span><\/strong><\/a><\/p>\n<p><a href=\"https:\/\/www.blue-in.it\/index.php\/chi-siamo\/\"><strong><span style=\"vertical-align: inherit;\"><span style=\"vertical-align: inherit;\">Chi siamo<\/span><\/span><\/strong><\/a><\/p>\n<p><a href=\"https:\/\/www.blue-in.it\/index.php\/servizi-telecomunicazione\/\"><strong><span style=\"vertical-align: inherit;\"><span style=\"vertical-align: inherit;\">Servizi<\/span><\/span><\/strong><\/a><\/p>\n<p style=\"padding-left: 30px;\"><a href=\"https:\/\/www.blue-in.it\/index.php\/servizi-telecomunicazione\/tecnologia-ndi\/\"><strong><span style=\"vertical-align: inherit;\"><span style=\"vertical-align: inherit;\">Tecnologia NDI<\/span><\/span><\/strong><\/a><\/p>\n<p style=\"padding-left: 30px;\"><strong><a href=\"https:\/\/www.blue-in.it\/index.php\/servizi-telecomunicazione\/cablaggio-strutturato\/\">Cablaggio strutturato<\/a><\/strong><\/p>\n<p style=\"padding-left: 30px;\"><a href=\"https:\/\/www.blue-in.it\/index.php\/servizi-telecomunicazione\/impianti-audio-video\/\"><strong><span style=\"vertical-align: inherit;\"><span style=\"vertical-align: inherit;\">Audio e Video<\/span><\/span><\/strong><\/a><\/p>\n<p><a href=\"https:\/\/www.blue-in.it\/index.php\/clienti\/\"><strong><span style=\"vertical-align: inherit;\"><span style=\"vertical-align: inherit;\">Clienti<\/span><\/span><\/strong><\/a><\/p>\n<p><a href=\"https:\/\/www.blue-in.it\/index.php\/contatti\/\"><strong><span style=\"vertical-align: inherit;\"><span style=\"vertical-align: inherit;\">Contatti<\/span><\/span><\/strong><\/a><\/p>\n<p><a href=\"https:\/\/www.blue-in.it\/index.php\/sitemap\/\"><strong><span style=\"vertical-align: inherit;\"><span style=\"vertical-align: inherit;\">Sitemap<\/span><\/span><\/strong><\/a><\/p>\n<p>[\/et_pb_text][\/et_pb_column][et_pb_column type=&#8221;1_3&#8243; _builder_version=&#8221;4.6.6&#8243; _module_preset=&#8221;default&#8221;][et_pb_text _builder_version=&#8221;4.6.6&#8243; _module_preset=&#8221;default&#8221; text_text_color=&#8221;#ffffff&#8221; text_line_height=&#8221;2.2em&#8221; text_orientation_tablet=&#8221;center&#8221; text_orientation_phone=&#8221;&#8221; text_orientation_last_edited=&#8221;on|tablet&#8221;]<\/p>\n<p>Blue-in opera principalmente a:<strong><br \/> Milano<br \/> Pavia<br \/> <\/strong><\/p>\n<p>[\/et_pb_text][\/et_pb_column][\/et_pb_row][et_pb_row _builder_version=&#8221;4.6.6&#8243; _module_preset=&#8221;default&#8221; custom_padding=&#8221;0px||0px|||&#8221;][et_pb_column type=&#8221;4_4&#8243; _builder_version=&#8221;4.6.6&#8243; _module_preset=&#8221;default&#8221;][et_pb_text _builder_version=&#8221;4.6.6&#8243; _module_preset=&#8221;default&#8221; text_text_color=&#8221;#1fb4c0&#8243;]<\/p>\n<p style=\"text-align: center;\"><span style=\"white-space: pre-wrap;\">\u00a9 2020 Blue-in | <span>\u00a0Web site creato da Arcum et Sagitta.<\/span><\/span><\/p>\n<p>[\/et_pb_text][\/et_pb_column][\/et_pb_row][\/et_pb_section]<\/p>\n","protected":false},"excerpt":{"rendered":"<p>[et_pb_section fb_built=&#8221;1&#8243; _builder_version=&#8221;4.6.6&#8243; _module_preset=&#8221;default&#8221;][et_pb_row _builder_version=&#8221;4.6.6&#8243; _module_preset=&#8221;default&#8221;][et_pb_column type=&#8221;4_4&#8243; _builder_version=&#8221;4.6.6&#8243; _module_preset=&#8221;default&#8221;][et_pb_text _builder_version=&#8221;4.6.6&#8243; _module_preset=&#8221;default&#8221; header_font=&#8221;|700|||||||&#8221; header_line_height=&#8221;1.5em&#8221; header_font_size_tablet=&#8221;38px&#8221; header_font_size_phone=&#8221;32px&#8221; header_font_size_last_edited=&#8221;on|phone&#8221;] Tecnologia NDI a Milano e Provincia [\/et_pb_text][\/et_pb_column][\/et_pb_row][et_pb_row column_structure=&#8221;1_2,1_2&#8243; _builder_version=&#8221;4.6.6&#8243; _module_preset=&#8221;default&#8221; custom_css_main_element=&#8221;display: flex;||align-items: flex-start;||flex-wrap: wrap;&#8221;][et_pb_column type=&#8221;1_2&#8243; _builder_version=&#8221;4.6.6&#8243; _module_preset=&#8221;default&#8221;][et_pb_text _builder_version=&#8221;4.6.6&#8243; _module_preset=&#8221;default&#8221; header_2_font_size=&#8221;30px&#8221; header_2_font_size_tablet=&#8221;28px&#8221; header_2_font_size_phone=&#8221;24px&#8221; header_2_font_size_last_edited=&#8221;on|phone&#8221;] Blue-in utilizza il protocollo NDI sviluppato da NewTek per la distribuzione di segnali audio e video [&hellip;]<\/p>\n","protected":false},"author":1,"featured_media":0,"parent":23,"menu_order":0,"comment_status":"closed","ping_status":"closed","template":"","meta":{"_et_pb_use_builder":"on","_et_pb_old_content":"","_et_gb_content_width":""},"yoast_head":"<!-- This site is optimized with the Yoast SEO plugin v15.0 - https:\/\/yoast.com\/wordpress\/plugins\/seo\/ -->\r\n<title>Blue-in utilizza la tecnologia NDI sviluppata da NewTek<\/title>\r\n<meta name=\"description\" content=\"Garantiamo flessibilit\u00e0 di implementazione ed interoperabilit\u00e0 con l&#039;utilizzo dell&#039;NDI di NewTek per la distribuzione di segnali audio, video.\" \/>\r\n<meta name=\"robots\" content=\"index, follow, max-snippet:-1, max-image-preview:large, max-video-preview:-1\" \/>\r\n<link rel=\"canonical\" href=\"https:\/\/www.blue-in.it\/index.php\/servizi-broadcast\/tecnologia-ndi\/\" \/>\r\n<meta property=\"og:locale\" content=\"it_IT\" \/>\r\n<meta property=\"og:type\" content=\"article\" \/>\r\n<meta property=\"og:title\" content=\"Blue-in utilizza la tecnologia NDI sviluppata da NewTek\" \/>\r\n<meta property=\"og:description\" content=\"Garantiamo flessibilit\u00e0 di implementazione ed interoperabilit\u00e0 con l&#039;utilizzo dell&#039;NDI di NewTek per la distribuzione di segnali audio, video.\" \/>\r\n<meta property=\"og:url\" content=\"https:\/\/www.blue-in.it\/index.php\/servizi-broadcast\/tecnologia-ndi\/\" \/>\r\n<meta property=\"og:site_name\" content=\"Blue-in\" \/>\r\n<meta property=\"article:modified_time\" content=\"2023-11-09T08:15:04+00:00\" \/>\r\n<meta name=\"twitter:card\" content=\"summary_large_image\" \/>\r\n<script type=\"application\/ld+json\" class=\"yoast-schema-graph\">{\"@context\":\"https:\/\/schema.org\",\"@graph\":[{\"@type\":\"WebSite\",\"@id\":\"https:\/\/www.blue-in.it\/#website\",\"url\":\"https:\/\/www.blue-in.it\/\",\"name\":\"Blue-in\",\"description\":\"Azienda di telecomunicazione a Milano\",\"potentialAction\":[{\"@type\":\"SearchAction\",\"target\":\"https:\/\/www.blue-in.it\/?s={search_term_string}\",\"query-input\":\"required name=search_term_string\"}],\"inLanguage\":\"it-IT\"},{\"@type\":\"WebPage\",\"@id\":\"https:\/\/www.blue-in.it\/index.php\/servizi-broadcast\/tecnologia-ndi\/#webpage\",\"url\":\"https:\/\/www.blue-in.it\/index.php\/servizi-broadcast\/tecnologia-ndi\/\",\"name\":\"Blue-in utilizza la tecnologia NDI sviluppata da NewTek\",\"isPartOf\":{\"@id\":\"https:\/\/www.blue-in.it\/#website\"},\"datePublished\":\"2020-11-02T23:07:44+00:00\",\"dateModified\":\"2023-11-09T08:15:04+00:00\",\"description\":\"Garantiamo flessibilit\\u00e0 di implementazione ed interoperabilit\\u00e0 con l'utilizzo dell'NDI di NewTek per la distribuzione di segnali audio, video.\",\"inLanguage\":\"it-IT\",\"potentialAction\":[{\"@type\":\"ReadAction\",\"target\":[\"https:\/\/www.blue-in.it\/index.php\/servizi-broadcast\/tecnologia-ndi\/\"]}]}]}<\/script>\r\n<!-- \/ Yoast SEO plugin. -->","_links":{"self":[{"href":"https:\/\/www.blue-in.it\/index.php\/wp-json\/wp\/v2\/pages\/763"}],"collection":[{"href":"https:\/\/www.blue-in.it\/index.php\/wp-json\/wp\/v2\/pages"}],"about":[{"href":"https:\/\/www.blue-in.it\/index.php\/wp-json\/wp\/v2\/types\/page"}],"author":[{"embeddable":true,"href":"https:\/\/www.blue-in.it\/index.php\/wp-json\/wp\/v2\/users\/1"}],"replies":[{"embeddable":true,"href":"https:\/\/www.blue-in.it\/index.php\/wp-json\/wp\/v2\/comments?post=763"}],"version-history":[{"count":27,"href":"https:\/\/www.blue-in.it\/index.php\/wp-json\/wp\/v2\/pages\/763\/revisions"}],"predecessor-version":[{"id":1485,"href":"https:\/\/www.blue-in.it\/index.php\/wp-json\/wp\/v2\/pages\/763\/revisions\/1485"}],"up":[{"embeddable":true,"href":"https:\/\/www.blue-in.it\/index.php\/wp-json\/wp\/v2\/pages\/23"}],"wp:attachment":[{"href":"https:\/\/www.blue-in.it\/index.php\/wp-json\/wp\/v2\/media?parent=763"}],"curies":[{"name":"wp","href":"https:\/\/api.w.org\/{rel}","templated":true}]}}