{"id":1524,"date":"2023-11-13T12:42:22","date_gmt":"2023-11-13T11:42:22","guid":{"rendered":"https:\/\/www.blue-in.it\/?page_id=1524"},"modified":"2023-11-13T12:43:10","modified_gmt":"2023-11-13T11:43:10","slug":"sicurezza-e-domotica","status":"publish","type":"page","link":"https:\/\/www.blue-in.it\/index.php\/sicurezza-e-domotica\/","title":{"rendered":"Sicurezza e Domotica"},"content":{"rendered":"<p>[et_pb_section fb_built=&#8221;1&#8243; _builder_version=&#8221;4.6.6&#8243; _module_preset=&#8221;default&#8221;][et_pb_row _builder_version=&#8221;4.6.6&#8243; _module_preset=&#8221;default&#8221;][et_pb_column type=&#8221;4_4&#8243; _builder_version=&#8221;4.6.6&#8243; _module_preset=&#8221;default&#8221;][et_pb_text _builder_version=&#8221;4.6.6&#8243; _module_preset=&#8221;default&#8221; header_font=&#8221;|700|||||||&#8221; header_line_height=&#8221;1.5em&#8221; header_font_size_tablet=&#8221;38px&#8221; header_font_size_phone=&#8221;32px&#8221; header_font_size_last_edited=&#8221;on|phone&#8221; admin_label=&#8221;Testo&#8221;]<\/p>\n<h1 style=\"text-align: center;\">Impianti di sicurezza domotica a Milano e provincia<\/h1>\n<p>[\/et_pb_text][\/et_pb_column][\/et_pb_row][et_pb_row column_structure=&#8221;1_2,1_2&#8243; _builder_version=&#8221;4.6.6&#8243; _module_preset=&#8221;default&#8221; custom_css_main_element=&#8221;display: flex;||align-items: flex-start;||flex-wrap: wrap;&#8221;][et_pb_column type=&#8221;1_2&#8243; _builder_version=&#8221;4.6.6&#8243; _module_preset=&#8221;default&#8221;][et_pb_text _builder_version=&#8221;4.6.6&#8243; _module_preset=&#8221;default&#8221; header_2_font_size=&#8221;30px&#8221; header_2_line_height=&#8221;1.3em&#8221; hover_enabled=&#8221;0&#8243; header_2_font_size_tablet=&#8221;28px&#8221; header_2_font_size_phone=&#8221;24px&#8221; header_2_font_size_last_edited=&#8221;on|phone&#8221; sticky_enabled=&#8221;0&#8243;]<\/p>\n<h2>Blue-in \u00e8 il partner ideale per la progettazione e la realizzazione di sistemi di domotica, rendendo il tuo immobile sicuro e all&#8217;avanguardia.<\/h2>\n<p>[\/et_pb_text][et_pb_text _builder_version=&#8221;4.6.6&#8243; _module_preset=&#8221;default&#8221; text_font_size=&#8221;17px&#8221;]<\/p>\n<p>Blue-In eccelle come punto di riferimento per servizi avanzati di sicurezza e domotica a Milano e provincia. Con oltre due decenni di esperienza nel settore, <strong>ci impegniamo a offrire soluzioni su misura per soddisfare le esigenze specifiche dei nostri clienti<\/strong>, garantendo la massima tranquillit\u00e0 e comfort nelle loro abitazioni o luoghi di lavoro.<\/p>\n<p>La nostra competenza in materia di sicurezza si estende dalla<strong> progettazione e installazione di sistemi di videosorveglianza all&#8217;integrazione di tecnologie antintrusione all&#8217;avanguardia.<\/strong> Ci\u00f2 significa che i nostri clienti possono godere di una protezione completa e personalizzata per le loro propriet\u00e0, con soluzioni che sfruttano le ultime innovazioni del settore. La sicurezza \u00e8 al centro della nostra missione, e la nostra presenza radicata a Milano e provincia ci consente di fornire risposte rapide e tempestive alle esigenze della comunit\u00e0 locale.<\/p>\n<p>In ambito di domotica, <strong>Blue-In si distingue per la creazione di spazi abitativi intelligenti e efficienti.<\/strong> Implementiamo sistemi che consentono la gestione remota e automatizzata delle funzioni domestiche, dalla regolazione dell&#8217;illuminazione all&#8217;ottimizzazione degli impianti di riscaldamento e raffreddamento. Queste soluzioni non solo migliorano il comfort, ma anche l&#8217;efficienza energetica, contribuendo a un ambiente pi\u00f9 sostenibile.<\/p>\n<p>La nostra presenza radicata a Milano e provincia non solo ci consente di comprendere appieno le dinamiche locali ma ci rende anche in grado di offrire un servizio personalizzato e tempestivo. Siamo consapevoli che ogni luogo ha le proprie sfide e esigenze specifiche, e la nostra squadra di professionisti \u00e8 pronta a offrire consulenze e soluzioni personalizzate per ogni situazione.<\/p>\n<p><strong>Scegliere Blue-In significa investire in sicurezza e domotica di qualit\u00e0 superiore, con una visione chiara verso il futuro<\/strong>. La nostra missione \u00e8 quella di fornire servizi che non solo soddisfano le attuali esigenze dei nostri clienti ma anticipano anche le tendenze emergenti nel settore. Affidati a noi per trasformare il tuo ambiente abitativo o lavorativo in uno spazio intelligente e sicuro. Contattaci oggi stesso per scoprire come possiamo migliorare la tua qualit\u00e0 di vita a Milano e provincia attraverso soluzioni avanzate di sicurezza e domotica.<\/p>\n<p>Siamo disponibili per lavorare in tutta Italia.\u00a0<\/p>\n<p>&nbsp;<\/p>\n<p>[\/et_pb_text][\/et_pb_column][et_pb_column type=&#8221;1_2&#8243; _builder_version=&#8221;4.6.6&#8243; _module_preset=&#8221;default&#8221;][et_pb_image src=&#8221;https:\/\/www.blue-in.it\/wp-content\/uploads\/2023\/11\/sicurezza.png&#8221; title_text=&#8221;sicurezza&#8221; _builder_version=&#8221;4.6.6&#8243; _module_preset=&#8221;default&#8221;][\/et_pb_image][et_pb_image src=&#8221;https:\/\/www.blue-in.it\/wp-content\/uploads\/2023\/11\/0_2.png&#8221; title_text=&#8221;0_2&#8243; _builder_version=&#8221;4.6.6&#8243; _module_preset=&#8221;default&#8221;][\/et_pb_image][\/et_pb_column][\/et_pb_row][\/et_pb_section][et_pb_section fb_built=&#8221;1&#8243; fullwidth=&#8221;on&#8221; _builder_version=&#8221;4.6.6&#8243; _module_preset=&#8221;default&#8221; animation_style=&#8221;slide&#8221; animation_direction=&#8221;bottom&#8221;][et_pb_fullwidth_header title=&#8221;Vuoi saperne di pi\u00f9 sulla progettazione di impianti di sicurezza e domotica?&#8221; button_one_text=&#8221;Portami al modulo di contatto&#8221; button_one_url=&#8221;https:\/\/www.blue-in.it\/index.php\/contatti\/&#8221; _builder_version=&#8221;4.6.6&#8243; _module_preset=&#8221;default&#8221; title_level=&#8221;h2&#8243; title_text_align=&#8221;left&#8221; title_text_color=&#8221;#1fb4c0&#8243; title_font_size=&#8221;39px&#8221; title_line_height=&#8221;1.4em&#8221; content_text_align=&#8221;left&#8221; content_font_size=&#8221;23px&#8221; content_line_height=&#8221;1.4em&#8221; background_enable_color=&#8221;off&#8221; use_background_color_gradient=&#8221;on&#8221; background_color_gradient_start=&#8221;#000000&#8243; background_color_gradient_end=&#8221;rgba(0,0,0,0.27)&#8221; background_color_gradient_direction=&#8221;57deg&#8221; background_color_gradient_overlays_image=&#8221;on&#8221; background_image=&#8221;https:\/\/www.blue-in.it\/wp-content\/uploads\/2023\/11\/0_3.png&#8221; background_position=&#8221;center_right&#8221; custom_button_one=&#8221;on&#8221; button_one_text_size=&#8221;16px&#8221; button_one_custom_margin=&#8221;||||true|true&#8221; custom_margin=&#8221;||||false|false&#8221; title_text_color_tablet=&#8221;&#8221; title_text_color_phone=&#8221;&#8221; title_text_color_last_edited=&#8221;on|desktop&#8221; title_font_size_tablet=&#8221;23px&#8221; title_font_size_phone=&#8221;23px&#8221; title_font_size_last_edited=&#8221;on|phone&#8221; content_font_size_tablet=&#8221;18px&#8221; content_font_size_phone=&#8221;18px&#8221; content_font_size_last_edited=&#8221;on|desktop&#8221; button_one_text_size_tablet=&#8221;&#8221; button_one_text_size_phone=&#8221;&#8221; button_one_text_size_last_edited=&#8221;on|phone&#8221;]<\/p>\n<p>&nbsp;<\/p>\n<p>Scrivici attraverso la nostra form, uno dei nostri rappresentanti ti contatter\u00e0 al pi\u00f9 presto.<\/p>\n<p>&nbsp;<\/p>\n<p>[\/et_pb_fullwidth_header][\/et_pb_section][et_pb_section fb_built=&#8221;1&#8243; _builder_version=&#8221;4.6.6&#8243; _module_preset=&#8221;default&#8221; use_background_color_gradient=&#8221;on&#8221; background_color_gradient_start=&#8221;#000000&#8243; background_color_gradient_end=&#8221;rgba(0,0,0,0.61)&#8221; background_color_gradient_direction=&#8221;9deg&#8221; background_color_gradient_overlays_image=&#8221;on&#8221; background_image=&#8221;https:\/\/www.blue-in.it\/wp-content\/uploads\/2023\/11\/001.png&#8221; custom_margin=&#8221;0px||||false|false&#8221; custom_padding=&#8221;15px||40px|||&#8221; global_module=&#8221;483&#8243; saved_tabs=&#8221;all&#8221;][et_pb_row column_structure=&#8221;1_3,1_3,1_3&#8243; _builder_version=&#8221;4.6.6&#8243; _module_preset=&#8221;default&#8221; background_enable_image=&#8221;off&#8221; background_size=&#8221;contain&#8221; background_position=&#8221;center_left&#8221; background_blend=&#8221;soft-light&#8221; custom_margin=&#8221;26px|auto||auto||&#8221; custom_padding=&#8221;5px|||||&#8221;][et_pb_column type=&#8221;1_3&#8243; _builder_version=&#8221;4.6.6&#8243; _module_preset=&#8221;default&#8221;][et_pb_image src=&#8221;https:\/\/www.blue-in.it\/wp-content\/uploads\/2020\/10\/Logo-siot.svg&#8221; title_text=&#8221;Logo-siot&#8221; url=&#8221;https:\/\/www.blue-in.it\/&#8221; align_tablet=&#8221;center&#8221; align_phone=&#8221;&#8221; align_last_edited=&#8221;on|desktop&#8221; _builder_version=&#8221;4.6.6&#8243; _module_preset=&#8221;default&#8221;][\/et_pb_image][et_pb_text _builder_version=&#8221;4.6.6&#8243; text_text_color=&#8221;#ffffff&#8221; text_line_height=&#8221;1em&#8221; text_orientation_tablet=&#8221;center&#8221; text_orientation_phone=&#8221;&#8221; text_orientation_last_edited=&#8221;on|tablet&#8221;]<\/p>\n<p><strong>Sede Legale<\/strong><\/p>\n<p><span style=\"font-weight: 400;\">Via Vincenzo Monti 47,\u00a0<\/span><span style=\"font-weight: 400;\">20123\u00a0<\/span><span style=\"font-weight: 400;\">Milano (Italia)<\/span><span style=\"font-weight: 400;\"><br \/><\/span><\/p>\n<p>&nbsp;<\/p>\n<p><span style=\"font-weight: 400;\"><strong>P. IVA<\/strong> 07384640962<\/span><\/p>\n<p style=\"text-align: center;\">[\/et_pb_text][\/et_pb_column][et_pb_column type=&#8221;1_3&#8243; _builder_version=&#8221;4.6.6&#8243; _module_preset=&#8221;default&#8221;][et_pb_text disabled_on=&#8221;on|on|off&#8221; _builder_version=&#8221;4.6.6&#8243; _module_preset=&#8221;default&#8221; text_text_color=&#8221;#ffffff&#8221; link_text_color=&#8221;#ffffff&#8221; custom_margin=&#8221;||7px|||&#8221; hover_transition_duration=&#8221;500ms&#8221; hover_transition_speed_curve=&#8221;ease-in-out&#8221; link_option_url=&#8221;https:\/\/www.blue-in.it\/index.php\/chi-siamo\/&#8221; text_font_size_tablet=&#8221;&#8221; text_font_size_phone=&#8221;&#8221; text_font_size_last_edited=&#8221;on|desktop&#8221; text_text_color__hover_enabled=&#8221;off|hover&#8221; text_text_color__hover=&#8221;#1fb4c0&#8243;]<\/p>\n<p><a href=\"https:\/\/www.blue-in.it\/\"><strong><span style=\"vertical-align: inherit;\"><span style=\"vertical-align: inherit;\">Casa<\/span><\/span><\/strong><\/a><\/p>\n<p><a href=\"https:\/\/www.blue-in.it\/index.php\/chi-siamo\/\"><strong><span style=\"vertical-align: inherit;\"><span style=\"vertical-align: inherit;\">Chi siamo<\/span><\/span><\/strong><\/a><\/p>\n<p><a href=\"https:\/\/www.blue-in.it\/index.php\/servizi-telecomunicazione\/\"><strong><span style=\"vertical-align: inherit;\"><span style=\"vertical-align: inherit;\">Servizi<\/span><\/span><\/strong><\/a><\/p>\n<p style=\"padding-left: 30px;\"><a href=\"https:\/\/www.blue-in.it\/index.php\/servizi-telecomunicazione\/tecnologia-ndi\/\"><strong><span style=\"vertical-align: inherit;\"><span style=\"vertical-align: inherit;\">Tecnologia NDI<\/span><\/span><\/strong><\/a><\/p>\n<p style=\"padding-left: 30px;\"><strong><a href=\"https:\/\/www.blue-in.it\/index.php\/servizi-telecomunicazione\/cablaggio-strutturato\/\">Cablaggio strutturato<\/a><\/strong><\/p>\n<p style=\"padding-left: 30px;\"><a href=\"https:\/\/www.blue-in.it\/index.php\/servizi-telecomunicazione\/impianti-audio-video\/\"><strong><span style=\"vertical-align: inherit;\"><span style=\"vertical-align: inherit;\">Audio e Video<\/span><\/span><\/strong><\/a><\/p>\n<p><a href=\"https:\/\/www.blue-in.it\/index.php\/clienti\/\"><strong><span style=\"vertical-align: inherit;\"><span style=\"vertical-align: inherit;\">Clienti<\/span><\/span><\/strong><\/a><\/p>\n<p><a href=\"https:\/\/www.blue-in.it\/index.php\/contatti\/\"><strong><span style=\"vertical-align: inherit;\"><span style=\"vertical-align: inherit;\">Contatti<\/span><\/span><\/strong><\/a><\/p>\n<p><a href=\"https:\/\/www.blue-in.it\/index.php\/sitemap\/\"><strong><span style=\"vertical-align: inherit;\"><span style=\"vertical-align: inherit;\">Sitemap<\/span><\/span><\/strong><\/a><\/p>\n<p>[\/et_pb_text][\/et_pb_column][et_pb_column type=&#8221;1_3&#8243; _builder_version=&#8221;4.6.6&#8243; _module_preset=&#8221;default&#8221;][et_pb_text _builder_version=&#8221;4.6.6&#8243; _module_preset=&#8221;default&#8221; text_text_color=&#8221;#ffffff&#8221; text_line_height=&#8221;2.2em&#8221; text_orientation_tablet=&#8221;center&#8221; text_orientation_phone=&#8221;&#8221; text_orientation_last_edited=&#8221;on|tablet&#8221;]<\/p>\n<p>Blue-in opera principalmente a:<strong><br \/> Milano<br \/> Pavia<br \/> <\/strong><\/p>\n<p>[\/et_pb_text][\/et_pb_column][\/et_pb_row][et_pb_row _builder_version=&#8221;4.6.6&#8243; _module_preset=&#8221;default&#8221; custom_padding=&#8221;0px||0px|||&#8221;][et_pb_column type=&#8221;4_4&#8243; _builder_version=&#8221;4.6.6&#8243; _module_preset=&#8221;default&#8221;][et_pb_text _builder_version=&#8221;4.6.6&#8243; _module_preset=&#8221;default&#8221; text_text_color=&#8221;#1fb4c0&#8243;]<\/p>\n<p style=\"text-align: center;\"><span style=\"white-space: pre-wrap;\">\u00a9 2020 Blue-in | <span>\u00a0Web site creato da Arcum et Sagitta.<\/span><\/span><\/p>\n<p>[\/et_pb_text][\/et_pb_column][\/et_pb_row][\/et_pb_section]<\/p>\n","protected":false},"excerpt":{"rendered":"<p>[et_pb_section fb_built=&#8221;1&#8243; _builder_version=&#8221;4.6.6&#8243; _module_preset=&#8221;default&#8221;][et_pb_row _builder_version=&#8221;4.6.6&#8243; _module_preset=&#8221;default&#8221;][et_pb_column type=&#8221;4_4&#8243; _builder_version=&#8221;4.6.6&#8243; _module_preset=&#8221;default&#8221;][et_pb_text _builder_version=&#8221;4.6.6&#8243; _module_preset=&#8221;default&#8221; header_font=&#8221;|700|||||||&#8221; header_line_height=&#8221;1.5em&#8221; header_font_size_tablet=&#8221;38px&#8221; header_font_size_phone=&#8221;32px&#8221; header_font_size_last_edited=&#8221;on|phone&#8221; admin_label=&#8221;Testo&#8221;] Impianti di sicurezza domotica a Milano e provincia [\/et_pb_text][\/et_pb_column][\/et_pb_row][et_pb_row column_structure=&#8221;1_2,1_2&#8243; _builder_version=&#8221;4.6.6&#8243; _module_preset=&#8221;default&#8221; custom_css_main_element=&#8221;display: flex;||align-items: flex-start;||flex-wrap: wrap;&#8221;][et_pb_column type=&#8221;1_2&#8243; _builder_version=&#8221;4.6.6&#8243; _module_preset=&#8221;default&#8221;][et_pb_text _builder_version=&#8221;4.6.6&#8243; _module_preset=&#8221;default&#8221; header_2_font_size=&#8221;30px&#8221; header_2_line_height=&#8221;1.3em&#8221; hover_enabled=&#8221;0&#8243; header_2_font_size_tablet=&#8221;28px&#8221; header_2_font_size_phone=&#8221;24px&#8221; header_2_font_size_last_edited=&#8221;on|phone&#8221; sticky_enabled=&#8221;0&#8243;] Blue-in \u00e8 il partner ideale per la progettazione e la [&hellip;]<\/p>\n","protected":false},"author":3,"featured_media":0,"parent":0,"menu_order":0,"comment_status":"closed","ping_status":"closed","template":"","meta":{"_et_pb_use_builder":"on","_et_pb_old_content":"","_et_gb_content_width":""},"yoast_head":"<!-- This site is optimized with the Yoast SEO plugin v15.0 - https:\/\/yoast.com\/wordpress\/plugins\/seo\/ -->\r\n<title>Sicurezza e Domotica - Blue-in<\/title>\r\n<meta name=\"robots\" content=\"index, follow, max-snippet:-1, max-image-preview:large, max-video-preview:-1\" \/>\r\n<link rel=\"canonical\" href=\"https:\/\/www.blue-in.it\/index.php\/sicurezza-e-domotica\/\" \/>\r\n<meta property=\"og:locale\" content=\"it_IT\" \/>\r\n<meta property=\"og:type\" content=\"article\" \/>\r\n<meta property=\"og:title\" content=\"Sicurezza e Domotica - Blue-in\" \/>\r\n<meta property=\"og:description\" content=\"[et_pb_section fb_built=&#8221;1&#8243; _builder_version=&#8221;4.6.6&#8243; _module_preset=&#8221;default&#8221;][et_pb_row _builder_version=&#8221;4.6.6&#8243; _module_preset=&#8221;default&#8221;][et_pb_column type=&#8221;4_4&#8243; _builder_version=&#8221;4.6.6&#8243; _module_preset=&#8221;default&#8221;][et_pb_text _builder_version=&#8221;4.6.6&#8243; _module_preset=&#8221;default&#8221; header_font=&#8221;|700|||||||&#8221; header_line_height=&#8221;1.5em&#8221; header_font_size_tablet=&#8221;38px&#8221; header_font_size_phone=&#8221;32px&#8221; header_font_size_last_edited=&#8221;on|phone&#8221; admin_label=&#8221;Testo&#8221;] Impianti di sicurezza domotica a Milano e provincia [\/et_pb_text][\/et_pb_column][\/et_pb_row][et_pb_row column_structure=&#8221;1_2,1_2&#8243; _builder_version=&#8221;4.6.6&#8243; _module_preset=&#8221;default&#8221; custom_css_main_element=&#8221;display: flex;||align-items: flex-start;||flex-wrap: wrap;&#8221;][et_pb_column type=&#8221;1_2&#8243; _builder_version=&#8221;4.6.6&#8243; _module_preset=&#8221;default&#8221;][et_pb_text _builder_version=&#8221;4.6.6&#8243; _module_preset=&#8221;default&#8221; header_2_font_size=&#8221;30px&#8221; header_2_line_height=&#8221;1.3em&#8221; hover_enabled=&#8221;0&#8243; header_2_font_size_tablet=&#8221;28px&#8221; header_2_font_size_phone=&#8221;24px&#8221; header_2_font_size_last_edited=&#8221;on|phone&#8221; sticky_enabled=&#8221;0&#8243;] Blue-in \u00e8 il partner ideale per la progettazione e la [&hellip;]\" \/>\r\n<meta property=\"og:url\" content=\"https:\/\/www.blue-in.it\/index.php\/sicurezza-e-domotica\/\" \/>\r\n<meta property=\"og:site_name\" content=\"Blue-in\" \/>\r\n<meta property=\"article:modified_time\" content=\"2023-11-13T11:43:10+00:00\" \/>\r\n<meta name=\"twitter:card\" content=\"summary_large_image\" \/>\r\n<script type=\"application\/ld+json\" class=\"yoast-schema-graph\">{\"@context\":\"https:\/\/schema.org\",\"@graph\":[{\"@type\":\"WebSite\",\"@id\":\"https:\/\/www.blue-in.it\/#website\",\"url\":\"https:\/\/www.blue-in.it\/\",\"name\":\"Blue-in\",\"description\":\"Azienda di telecomunicazione a Milano\",\"potentialAction\":[{\"@type\":\"SearchAction\",\"target\":\"https:\/\/www.blue-in.it\/?s={search_term_string}\",\"query-input\":\"required name=search_term_string\"}],\"inLanguage\":\"it-IT\"},{\"@type\":\"WebPage\",\"@id\":\"https:\/\/www.blue-in.it\/index.php\/sicurezza-e-domotica\/#webpage\",\"url\":\"https:\/\/www.blue-in.it\/index.php\/sicurezza-e-domotica\/\",\"name\":\"Sicurezza e Domotica - Blue-in\",\"isPartOf\":{\"@id\":\"https:\/\/www.blue-in.it\/#website\"},\"datePublished\":\"2023-11-13T11:42:22+00:00\",\"dateModified\":\"2023-11-13T11:43:10+00:00\",\"inLanguage\":\"it-IT\",\"potentialAction\":[{\"@type\":\"ReadAction\",\"target\":[\"https:\/\/www.blue-in.it\/index.php\/sicurezza-e-domotica\/\"]}]}]}<\/script>\r\n<!-- \/ Yoast SEO plugin. -->","_links":{"self":[{"href":"https:\/\/www.blue-in.it\/index.php\/wp-json\/wp\/v2\/pages\/1524"}],"collection":[{"href":"https:\/\/www.blue-in.it\/index.php\/wp-json\/wp\/v2\/pages"}],"about":[{"href":"https:\/\/www.blue-in.it\/index.php\/wp-json\/wp\/v2\/types\/page"}],"author":[{"embeddable":true,"href":"https:\/\/www.blue-in.it\/index.php\/wp-json\/wp\/v2\/users\/3"}],"replies":[{"embeddable":true,"href":"https:\/\/www.blue-in.it\/index.php\/wp-json\/wp\/v2\/comments?post=1524"}],"version-history":[{"count":6,"href":"https:\/\/www.blue-in.it\/index.php\/wp-json\/wp\/v2\/pages\/1524\/revisions"}],"predecessor-version":[{"id":1540,"href":"https:\/\/www.blue-in.it\/index.php\/wp-json\/wp\/v2\/pages\/1524\/revisions\/1540"}],"wp:attachment":[{"href":"https:\/\/www.blue-in.it\/index.php\/wp-json\/wp\/v2\/media?parent=1524"}],"curies":[{"name":"wp","href":"https:\/\/api.w.org\/{rel}","templated":true}]}}